{"id":29,"date":"2014-07-13T17:58:45","date_gmt":"2014-07-13T17:58:45","guid":{"rendered":"http:\/\/mc-night-creepers.de\/?page_id=29"},"modified":"2023-12-04T10:27:55","modified_gmt":"2023-12-04T10:27:55","slug":"gaestebuch","status":"publish","type":"page","link":"http:\/\/mc-night-creepers.de\/?page_id=29","title":{"rendered":"GUESTBOOK"},"content":{"rendered":"<div class=\"gwolle-gb\"><div class=\"gwolle_gb_messages_top_container\"><\/div>\n\t\t\t<div class=\"gwolle-gb-write-button\">\n\t\t\t\t<input type=\"button\" name=\"gwolle-gb-write-button\" class=\"button btn btn-default \" value=\"Neuen Eintrag schreiben\" \/>\n\t\t\t<\/div>\n\t\t\t<form action=\"#\" method=\"POST\" class=\"gwolle-gb-write gwolle-gb-hide gwolle-gb-float gwolle_gb_form_ajax gwolle-gb-form-ajax gwolle-gb-ajax gwolle-gb-not-logged-in\">\n\t\t\t\t<h3>Einen neuen Eintrag f\u00fcr das G\u00e4stebuch schreiben<\/h3>\n\t\t\t\t<button type=\"button\" class=\"gb-notice-dismiss\">x<span class=\"screen-reader-text\">Dieses Formular ausblenden<\/span><\/button>\n\t\t\t\n\t\t\t\t<input type=\"hidden\" name=\"gwolle_gb_function\" class=\"gwolle_gb_function\" value=\"add_entry\" \/><input type=\"hidden\" name=\"gwolle_gb_book_id\" class=\"gwolle_gb_book_id\" value=\"1\" \/><div class=\"gwolle_gb_c4c24098571b7246b7782dad19afb34e\">\n\t\t\t\t<div class=\"label\"><label for=\"gwolle_gb_c4c24098571b7246b7782dad19afb34e-1\" class=\"text-info\">Name <span class=\"required\">*<\/span><\/label><\/div>\n\t\t\t\t<div class=\"input\"><input class=\"wp-exclude-emoji gwolle_gb_c4c24098571b7246b7782dad19afb34e\" value=\"\" type=\"text\" id=\"gwolle_gb_c4c24098571b7246b7782dad19afb34e-1\" name=\"gwolle_gb_c4c24098571b7246b7782dad19afb34e\" required \/><\/div>\n\t\t\t\t<div class=\"clearBoth\">&nbsp;<\/div>\n\t\t\t<\/div><div class=\"gwolle_gb_1de49651e6fff2e7553796adcf28fe2c\">\n\t\t\t\t<div class=\"label\"><label for=\"gwolle_gb_1de49651e6fff2e7553796adcf28fe2c-1\" class=\"text-info\">E-Mail<\/label><\/div>\n\t\t\t\t<div class=\"input\"><input class=\"gwolle_gb_1de49651e6fff2e7553796adcf28fe2c\" value=\"\" type=\"email\" id=\"gwolle_gb_1de49651e6fff2e7553796adcf28fe2c-1\" name=\"gwolle_gb_1de49651e6fff2e7553796adcf28fe2c\" \/><\/div>\n\t\t\t\t<div class=\"clearBoth\">&nbsp;<\/div>\n\t\t\t<\/div><div class=\"gwolle_gb_15b6883e1738f520d3ece962af105d8c\">\n\t\t\t\t<div class=\"label\"><label for=\"gwolle_gb_15b6883e1738f520d3ece962af105d8c-1\" class=\"text-info\">Website<\/label><\/div>\n\t\t\t\t<div class=\"input\"><input class=\"gwolle_gb_15b6883e1738f520d3ece962af105d8c\" value=\"\" type=\"url\" id=\"gwolle_gb_15b6883e1738f520d3ece962af105d8c-1\" name=\"gwolle_gb_15b6883e1738f520d3ece962af105d8c\" \/><\/div>\n\t\t\t\t<div class=\"clearBoth\">&nbsp;<\/div>\n\t\t\t<\/div>\n\t\t\t<div class=\"gwolle_gb_d45c97c6e646b1286e7559bd7580bd40\" style=\"display:none;overflow:hidden;\" hidden=\"true\" aria-hidden=\"true\">\n\t\t\t\t<div class=\"label\">\n\t\t\t\t\t<label for=\"gwolle_gb_d45c97c6e646b1286e7559bd7580bd40-1\" class=\"text-primary\">Hier nichts eingeben<\/label>\n\t\t\t\t\t<label for=\"gwolle_gb_19822eded7abc58e6cf8c1976b823103-1\" class=\"text-primary\">Hier nichts eingeben<\/label>\n\t\t\t\t<\/div>\n\t\t\t\t<div class=\"input\">\n\t\t\t\t\t<input value=\"55\" type=\"text\" id=\"gwolle_gb_d45c97c6e646b1286e7559bd7580bd40-1\" name=\"gwolle_gb_d45c97c6e646b1286e7559bd7580bd40\" class=\"gwolle_gb_d45c97c6e646b1286e7559bd7580bd40\" style=\"transform: translateY(10000px);\" \/>\n\t\t\t\t\t<input value=\"\" type=\"text\" name=\"gwolle_gb_19822eded7abc58e6cf8c1976b823103\" id=\"gwolle_gb_19822eded7abc58e6cf8c1976b823103-1\" class=\"gwolle_gb_19822eded7abc58e6cf8c1976b823103\" style=\"transform: translateY(10000px);\" \/>\n\t\t\t\t<\/div>\n\t\t\t\t<div class=\"clearBoth\"><\/div>\n\t\t\t<\/div>\n\t\t\t<div class=\"gwolle_gb_b8a38526caf446a831aa65b68f639e12\" style=\"display:none;overflow:hidden;\" hidden=\"true\" aria-hidden=\"true\">\n\t\t\t\t<div class=\"label\">\n\t\t\t\t\t<label for=\"gwolle_gb_b8a38526caf446a831aa65b68f639e12-1\" class=\"text-primary\">Hier nichts eingeben<\/label>\n\t\t\t\t\t<label for=\"gwolle_gb_553fca7b59a30b5cf6817d2033047782-1\" class=\"text-primary\">Hier nichts eingeben<\/label>\n\t\t\t\t<\/div>\n\t\t\t\t<div class=\"input\">\n\t\t\t\t\t<input value=\"687\" type=\"text\" id=\"gwolle_gb_b8a38526caf446a831aa65b68f639e12-1\" name=\"gwolle_gb_b8a38526caf446a831aa65b68f639e12\" class=\"gwolle_gb_b8a38526caf446a831aa65b68f639e12\" style=\"transform: translateY(10000px);\" \/>\n\t\t\t\t\t<input value=\"687\" type=\"text\"id=\"gwolle_gb_553fca7b59a30b5cf6817d2033047782-1\" name=\"gwolle_gb_553fca7b59a30b5cf6817d2033047782\" class=\"gwolle_gb_553fca7b59a30b5cf6817d2033047782\" style=\"transform: translateY(10000px);\" \/>\n\t\t\t\t<\/div>\n\t\t\t\t<div class=\"clearBoth\"><\/div>\n\t\t\t<\/div><div class=\"gwolle_gb_content\">\n\t\t\t\t<div class=\"label\"><label for=\"gwolle_gb_content-1\" class=\"text-info\">G\u00e4stebucheintrag <span class=\"required\">*<\/span><\/label><\/div>\n\t\t\t\t<div class=\"input\"><textarea id=\"gwolle_gb_content-1\" name=\"gwolle_gb_content\" class=\"gwolle_gb_content wp-exclude-emoji\" required ><\/textarea><\/div>\n\t\t\t\t\t<div class=\"clearBoth\">&nbsp;<\/div>\n\t\t\t\t<\/div><input type=\"hidden\" class=\"gwolle_gb_7aaea7c31dd73445685214ef8642acbc\" id=\"gwolle_gb_7aaea7c31dd73445685214ef8642acbc-1\" name=\"gwolle_gb_7aaea7c31dd73445685214ef8642acbc\" value=\"9abeb4b5d6\" \/>\n\t\t\t<div class=\"gwolle_gb_messages_bottom_container\"><\/div>\n\n\t\t\t<noscript><div class=\"no-js\">Warnung: Dieses Formular kann nur verwendet werden, wenn in deinem Browser JavaScript aktiviert ist.<\/div><\/noscript>\n\n\t\t\t<div class=\"gwolle_gb_submit\">\n\t\t\t\t<div class=\"label gwolle-gb-invisible text-muted\">&nbsp;<\/div>\n\t\t\t\t<div class=\"input\">\n\t\t\t\t\t<input type=\"submit\" name=\"gwolle_gb_submit\" class=\"gwolle_gb_submit button btn btn-primary \" value=\"Absenden\" \/>\n\t\t\t\t\t<span class=\"gwolle_gb_submit_ajax_icon\"><\/span>\n\t\t\t\n\t\t\t\t<\/div>\n\t\t\t\t<div class=\"clearBoth\">&nbsp;<\/div>\n\t\t\t<\/div>\n\n\t\t\t<div class=\"gwolle_gb_notice\">\n\t\t\t\tMit * gekennzeichnete Felder sind erforderlich.<br \/>\r\nDeine E-Mail-Adresse wird nicht ver\u00f6ffentlicht.<br \/>\r\nEs ist m\u00f6glich, dass dein Eintrag im G\u00e4stebuch erst sichtbar ist, nachdem wir ihn \u00fcberpr\u00fcft haben.<br \/>\r\nWir behalten uns vor, Eintr\u00e4ge zu bearbeiten, zu l\u00f6schen oder nicht zu ver\u00f6ffentlichen.\n\t\t\t<\/div><\/form><div class=\"gwolle-gb-read gwolle-gb-ajax gwolle-gb-entries-list\" data-book_id=\"1\" data-page_id=\"1\">\n\t\t<div id=\"gwolle-gb-total\" class=\"gwolle-gb-total\">5 Eintr\u00e4ge<\/div><!-- Gwolle-GB Entry: Default Template Loaded -->\n\t\t\t\t<div class=\"gb-entry gb-entry_10 gb-entry-count_1 gwolle_gb_uneven gwolle-gb-uneven gwolle-gb-first\" id=\"gb-entry_10\" data-entry_id=\"10\">\n\t\t\t\t<article>\n\t\t\t\t\t<div class=\"gb-author-info\">\n\t\t\t\t\t\t<span class=\"gb-author-avatar\"><img referrerpolicy=\"no-referrer\" alt='Wonny' src='https:\/\/secure.gravatar.com\/avatar\/b3fd97a04801fcffbf237eaca0897a0b286b73cb055ed7033c0f918ca451caac?s=32&#038;d=mm&#038;r=x' srcset='https:\/\/secure.gravatar.com\/avatar\/b3fd97a04801fcffbf237eaca0897a0b286b73cb055ed7033c0f918ca451caac?s=64&#038;d=mm&#038;r=x 2x' class='avatar avatar-32 photo' height='32' width='32' \/><\/span>\n\t\t\t\t\t\t<span class=\"gb-author-name\">Wonny\n\t\t\t\t\t\t<\/span>\n\t\t\t\t\t\t<span class=\"gb-datetime\">\n\t\t\t\t\t\t\t<span class=\"gb-date\"><span class=\"gb-date-wrote-text\"> schrieb am<\/span><span class=\"gb-date-text\"> 25\/08\/2021<\/span>\n\t\t\t\t\t\t\t<\/span><span class=\"gb-time\">\n\t\t\t\t\t\t\t\t\t<span class=\"gb-time-at-text\"> um<\/span>\n\t\t\t\t\t\t\t\t\t<span class=\"gb-time-text\"> 22:13<\/span>\n\t\t\t\t\t\t\t\t<\/span>\n\t\t\t\t\t\t<\/span> \n\t\t\t\t\t<\/div>\n\t\t\t\t\t<div class=\"gb-entry-content\">R.I.P. MASKE. Als wir uns das letzte Mal sahen haben wir noch \u00fcber unser super starkes Sternzeichen philosophiert, WIDDER sind die st\u00e4rksten und geben niemals auf! Eine gute Reise, hdl\ud83e\udd17\n\t\t\t\t\t<\/div>\n\t\t\t\t<\/article>\n\t\t\t<\/div>\n\t\t\t<div class=\"gb-entry gb-entry_9 gb-entry-count_2 gwolle_gb_even gwolle-gb-even\" id=\"gb-entry_9\" data-entry_id=\"9\">\n\t\t\t\t<article>\n\t\t\t\t\t<div class=\"gb-author-info\">\n\t\t\t\t\t\t<span class=\"gb-author-avatar\"><img referrerpolicy=\"no-referrer\" alt='Fozzy' src='https:\/\/secure.gravatar.com\/avatar\/37badd228fa49aa867c13f294df7922ff9d862656029126180ec8edfd128a86f?s=32&#038;d=mm&#038;r=x' srcset='https:\/\/secure.gravatar.com\/avatar\/37badd228fa49aa867c13f294df7922ff9d862656029126180ec8edfd128a86f?s=64&#038;d=mm&#038;r=x 2x' class='avatar avatar-32 photo' height='32' width='32' \/><\/span>\n\t\t\t\t\t\t<span class=\"gb-author-name\">Fozzy\n\t\t\t\t\t\t<\/span>\n\t\t\t\t\t\t<span class=\"gb-datetime\">\n\t\t\t\t\t\t\t<span class=\"gb-date\"><span class=\"gb-date-wrote-text\"> schrieb am<\/span><span class=\"gb-date-text\"> 13\/08\/2021<\/span>\n\t\t\t\t\t\t\t<\/span><span class=\"gb-time\">\n\t\t\t\t\t\t\t\t\t<span class=\"gb-time-at-text\"> um<\/span>\n\t\t\t\t\t\t\t\t\t<span class=\"gb-time-text\"> 18:40<\/span>\n\t\t\t\t\t\t\t\t<\/span>\n\t\t\t\t\t\t<\/span> \n\t\t\t\t\t<\/div>\n\t\t\t\t\t<div class=\"gb-entry-content\">Schade, da\u00df Maske nicht mehr dabei sein kann; habe ihn mal mit den &#034;alten&#034; Eagles-Highland kennengelernt.Ich denke in seinem Sinne freuen wir uns alle auf morgen!\nFozzy\n\t\t\t\t\t<\/div>\n\t\t\t\t<\/article>\n\t\t\t<\/div>\n\t\t\t<div class=\"gb-entry gb-entry_6 gb-entry-count_3 gwolle_gb_uneven gwolle-gb-uneven\" id=\"gb-entry_6\" data-entry_id=\"6\">\n\t\t\t\t<article>\n\t\t\t\t\t<div class=\"gb-author-info\">\n\t\t\t\t\t\t<span class=\"gb-author-avatar\"><img referrerpolicy=\"no-referrer\" alt='Monika F\u00f6rster' src='https:\/\/secure.gravatar.com\/avatar\/f2b01294def3b96e9501439019af9a4c043535f8517ae2c0a95f08a01ae0bd29?s=32&#038;d=mm&#038;r=x' srcset='https:\/\/secure.gravatar.com\/avatar\/f2b01294def3b96e9501439019af9a4c043535f8517ae2c0a95f08a01ae0bd29?s=64&#038;d=mm&#038;r=x 2x' class='avatar avatar-32 photo' height='32' width='32' \/><\/span>\n\t\t\t\t\t\t<span class=\"gb-author-name\">Monika F\u00f6rster\n\t\t\t\t\t\t<\/span>\n\t\t\t\t\t\t<span class=\"gb-datetime\">\n\t\t\t\t\t\t\t<span class=\"gb-date\"><span class=\"gb-date-wrote-text\"> schrieb am<\/span><span class=\"gb-date-text\"> 19\/09\/2020<\/span>\n\t\t\t\t\t\t\t<\/span><span class=\"gb-time\">\n\t\t\t\t\t\t\t\t\t<span class=\"gb-time-at-text\"> um<\/span>\n\t\t\t\t\t\t\t\t\t<span class=\"gb-time-text\"> 14:44<\/span>\n\t\t\t\t\t\t\t\t<\/span>\n\t\t\t\t\t\t<\/span> \n\t\t\t\t\t<\/div>\n\t\t\t\t\t<div class=\"gb-entry-content\">Vielen lieben Dank , das ich gestern einige von euch kennen lernen durfte \ud83e\udd17..ihr seid einfach eine tolle Truppe \ud83e\udd17\ud83d\udc4d...f\u00fchlt euch alle lieb gedr\u00fcckt und passt gut auf euch auf \ud83e\udd17\ud83e\udd17\ud83d\udc4d... Liebe Gr\u00fc\u00dfe Monika \ud83d\ude18\n\t\t\t\t\t<\/div>\n\t\t\t\t<\/article>\n\t\t\t<\/div>\n\t\t\t<div class=\"gb-entry gb-entry_5 gb-entry-count_4 gwolle_gb_even gwolle-gb-even\" id=\"gb-entry_5\" data-entry_id=\"5\">\n\t\t\t\t<article>\n\t\t\t\t\t<div class=\"gb-author-info\">\n\t\t\t\t\t\t<span class=\"gb-author-avatar\"><img referrerpolicy=\"no-referrer\" alt='Buby' src='https:\/\/secure.gravatar.com\/avatar\/?s=32&#038;d=mm&#038;r=x' srcset='https:\/\/secure.gravatar.com\/avatar\/?s=64&#038;d=mm&#038;r=x 2x' class='avatar avatar-32 photo avatar-default' height='32' width='32' \/><\/span>\n\t\t\t\t\t\t<span class=\"gb-author-name\">Buby\n\t\t\t\t\t\t<\/span>\n\t\t\t\t\t\t<span class=\"gb-datetime\">\n\t\t\t\t\t\t\t<span class=\"gb-date\"><span class=\"gb-date-wrote-text\"> schrieb am<\/span><span class=\"gb-date-text\"> 09\/07\/2020<\/span>\n\t\t\t\t\t\t\t<\/span><span class=\"gb-time\">\n\t\t\t\t\t\t\t\t\t<span class=\"gb-time-at-text\"> um<\/span>\n\t\t\t\t\t\t\t\t\t<span class=\"gb-time-text\"> 19:13<\/span>\n\t\t\t\t\t\t\t\t<\/span>\n\t\t\t\t\t\t<\/span> \n\t\t\t\t\t<\/div>\n\t\t\t\t\t<div class=\"gb-entry-content\">Schade, schade... Alles f\u00e4llt aus.\nW\u00e4re ein sch\u00f6ner 60. Geburtstag auf eurer Party gewesen. Beste Gr\u00fc\u00dfe an alle !! Buby, American Snakes MC.\n\t\t\t\t\t<\/div>\n\t\t\t\t<\/article>\n\t\t\t<\/div>\n\t\t\t<div class=\"gb-entry gb-entry_4 gb-entry-count_5 gwolle_gb_uneven gwolle-gb-uneven\" id=\"gb-entry_4\" data-entry_id=\"4\">\n\t\t\t\t<article>\n\t\t\t\t\t<div class=\"gb-author-info\">\n\t\t\t\t\t\t<span class=\"gb-author-avatar\"><img referrerpolicy=\"no-referrer\" alt='Buby' src='https:\/\/secure.gravatar.com\/avatar\/2cdd2dfe16a6a69798e036a309616adefa5187a7ae33a581c8da4c6f49c0c564?s=32&#038;d=mm&#038;r=x' srcset='https:\/\/secure.gravatar.com\/avatar\/2cdd2dfe16a6a69798e036a309616adefa5187a7ae33a581c8da4c6f49c0c564?s=64&#038;d=mm&#038;r=x 2x' class='avatar avatar-32 photo' height='32' width='32' \/><\/span>\n\t\t\t\t\t\t<span class=\"gb-author-name\"><a href=\"http:\/\/www.american-snakes.de\" target=\"_blank\" rel=\"nofollow noopener noreferrer\"\n\t\t\t\t\t\t\ttitle=\"Besuche die Website von Buby: http:\/\/www.american-snakes.de\">Buby<\/a>\n\t\t\t\t\t\t<\/span>\n\t\t\t\t\t\t<span class=\"gb-datetime\">\n\t\t\t\t\t\t\t<span class=\"gb-date\"><span class=\"gb-date-wrote-text\"> schrieb am<\/span><span class=\"gb-date-text\"> 02\/01\/2020<\/span>\n\t\t\t\t\t\t\t<\/span><span class=\"gb-time\">\n\t\t\t\t\t\t\t\t\t<span class=\"gb-time-at-text\"> um<\/span>\n\t\t\t\t\t\t\t\t\t<span class=\"gb-time-text\"> 16:45<\/span>\n\t\t\t\t\t\t\t\t<\/span>\n\t\t\t\t\t\t<\/span> \n\t\t\t\t\t<\/div>\n\t\t\t\t\t<div class=\"gb-entry-content\">Hi Jungs und M\u00e4dels ... wir w\u00fcnschen euch allen ein gesundes und cooles 2020.\n\t\t\t\t\t<\/div>\n\t\t\t\t<\/article>\n\t\t\t<\/div>\n\t\t\t<\/div><\/div>\n\n\n<p><\/p>\n","protected":false},"excerpt":{"rendered":"","protected":false},"author":1,"featured_media":0,"parent":0,"menu_order":0,"comment_status":"closed","ping_status":"closed","template":"","meta":{"footnotes":""},"class_list":["post-29","page","type-page","status-publish","hentry"],"_links":{"self":[{"href":"http:\/\/mc-night-creepers.de\/index.php?rest_route=\/wp\/v2\/pages\/29","targetHints":{"allow":["GET"]}}],"collection":[{"href":"http:\/\/mc-night-creepers.de\/index.php?rest_route=\/wp\/v2\/pages"}],"about":[{"href":"http:\/\/mc-night-creepers.de\/index.php?rest_route=\/wp\/v2\/types\/page"}],"author":[{"embeddable":true,"href":"http:\/\/mc-night-creepers.de\/index.php?rest_route=\/wp\/v2\/users\/1"}],"replies":[{"embeddable":true,"href":"http:\/\/mc-night-creepers.de\/index.php?rest_route=%2Fwp%2Fv2%2Fcomments&post=29"}],"version-history":[{"count":24,"href":"http:\/\/mc-night-creepers.de\/index.php?rest_route=\/wp\/v2\/pages\/29\/revisions"}],"predecessor-version":[{"id":968,"href":"http:\/\/mc-night-creepers.de\/index.php?rest_route=\/wp\/v2\/pages\/29\/revisions\/968"}],"wp:attachment":[{"href":"http:\/\/mc-night-creepers.de\/index.php?rest_route=%2Fwp%2Fv2%2Fmedia&parent=29"}],"curies":[{"name":"wp","href":"https:\/\/api.w.org\/{rel}","templated":true}]}}